 = -63 - y. List the prime factors of a.
2, 3, 7
Let i(a) = -192*a - 24. List the prime factors of i(-2).
2, 3, 5
Suppose 9*f - 5*f = 36. Let n(v) = v**2 - 9*v + 1. Let a be n(f). List the prime factors of a/((-1)/((-58)/2)).
29
Suppose -2*k + 5*f - 23 = 5, -3*k + 2*f - 20 = 0. Let x(b) = -b. Let z be x(k). Let v(t) = -t**3 + 5*t**2 + 2*t + 2. List the prime factors of v(z).
2, 13
What are the prime factors of (2403/12)/((-6)/(-16))?
2, 3, 89
Let k(s) = -9*s**3 + 8*s**2 + 12*s + 12. List the prime factors of k(-5).
1277
Let m be 6 + -6 + 6/2. Suppose 8*n = 6*n + 346. Suppose -n = -4*v - f, -4*f = -m*v + 25 + 81. List the prime factors of v.
2, 3, 7
Let t(y) = y**3 - 16*y**2 + 25*y - 30. List the prime factors of t(16).
2, 5, 37
What are the prime factors of ((-1016)/24 - 4)*-12?
2, 139
Let d be (-2 - 4) + 4 - -6. Suppose -70 = -5*s - 3*z, 0 = -d*s - z + 19 + 30. What are the prime factors of s?
11
Let n(x) = x**3 - 42*x**2 + 17*x + 159. List the prime factors of n(42).
3, 97
Suppose 5*t - 76 = -2*c, -3*t + 56 = 3*c - 7*c. Suppose -o + 5*o = 3*h + t, -19 = -3*o + 4*h. What are the prime factors of o/((-6)/3)*-104?
2, 13
Suppose -19*f + 3889 + 8005 = 0. List the prime factors of f.
2, 313
Let p = 946 + -898. List the prime factors of p.
2, 3
Let w = 262 + -140. Suppose w = 5*m - 178. Suppose 0 = p - m + 20. List the prime factors of p.
2, 5
Suppose 5*i = 2*i - 27. Let z be ((-16)/(-3))/(3/i). Let g = z + 26. List the prime factors of g.
2, 5
Let o(u) = 2*u**3 - 8*u**2 - 4*u - 22. Let t be o(7). Suppose 24*k + t = 28*k. List the prime factors of k.
61
Suppose -2*g + 5*g = 4*s - 27, 6 = 2*g. Let x(u) = u + s - 3*u - 3*u. What are the prime factors of x(-4)?
29
Suppose -x = 3 - 49. Suppose 45*c + 101 = x*c. What are the prime factors of c?
101
Suppose 4*m - 8*m = 0. Suppose m*t = 7*t. Suppose 3*n - 2*o - 43 = 15, 3*o - 12 = t. What are the prime factors of n?
2, 11
Let h(w) = -w**3 - w**2 + 3*w + 3. Let m = 20 + -26. Let b be h(m). Suppose 0*v = -v + q + 39, -4*v = -q - b. What are the prime factors of v?
2, 3, 7
Suppose i + 2 = 2*p, 5 + 1 = i + 2*p. Suppose 3*a + 0*a + 90 = 0. List the prime factors of 1*(-4)/i*a.
2, 3, 5
Suppose 4*n - 1 = -3*i - 14, 3*n + 2*i + 9 = 0. Let x be (-10)/(-2 + n + 1). Suppose h - 61 = -x*o + 2*o, -3*h + 50 = 2*o. What are the prime factors of o?
19
Suppose 0 = 4*r - 560 + 144. Suppose -4*h = 40 - r. List the prime factors of h.
2
Let i(l) be the first derivative of 77*l**2/2 - 8*l - 49. List the prime factors of i(3).
223
Let p = -163 - -303. Suppose 2*q = 4*s - p, -3*q = -s - 3*s + 138. List the prime factors of s.
2, 3
Let v(t) = 4*t**2 - 6*t + 52. List the prime factors of v(-27).
2, 5, 313
Let a(v) = 210*v**2. Let p be a(-1). Let t be (-1)/4 + p/8. Let l = t - 15. What are the prime factors of l?
11
What are the prime factors of 107 - ((-37)/(-7) - 2/7)?
2, 3, 17
Suppose 0 = -4*h + 7*h + 3. Let n(o) = -51*o - 1. Let b be n(h). Let y = b - 20. What are the prime factors of y?
2, 3, 5
Let g(k) = 24*k - 87. What are the prime factors of g(7)?
3
Suppose -3*b = 123 - 957. Suppose -11*j + 9*j + b = 0. What are the prime factors of j?
139
Let g(w) be the second derivative of 3*w + 0 - 1/3*w**3 + 11/2*w**2. List the prime factors of g(-5).
3, 7
Suppose 0 = 2*u - 4*q + 6, 2*u - 24 = -5*q + 6. Suppose 2*l - u*l - 63 = 0. Let m = 40 + l. List the prime factors of m.
19
Suppose -16*z = -6*z - 2630. What are the prime factors of z?
263
Suppose 370 = -18*c + 23*c. What are the prime factors of c?
2, 37
Let f = -44 - -60. Suppose 9*i = f*i - 280. List the prime factors of i.
2, 5
Suppose 119*d = 238047 + 79564. List the prime factors of d.
17, 157
Suppose 0 = 11*v - 10*v - 25. Suppose -v = -4*h + x, -3*h - 2 + 18 = 2*x. Suppose 0 = -d + h + 13. List the prime factors of d.
19
Suppose -3*f = -c - 292 - 70, 4*f - 470 = -5*c. Let z be f/50*(-40)/(-3). List the prime factors of (42/(-8))/((-6)/z).
2, 7
Suppose -4*c - 10701 = -5*v, -5*v + 5*c = -6026 - 4679. What are the prime factors of v?
2137
Let f = -855 + 2137. What are the prime factors of f?
2, 641
Suppose -u = -3*u - u. Suppose u = 2*s + 52 - 220. List the prime factors of s.
2, 3, 7
Let c = -5443 - -10257. List the prime factors of c.
2, 29, 83
Suppose 4*r = -16, 5*v + 4*r = 2*v + 503. Suppose 130 = 3*l - v. List the prime factors of l.
101
Let k(r) = 3*r**3 - r**2 - 2*r + 3. What are the prime factors of k(5)?
7
Let u(k) = 16*k**3 + 4*k**2 - 3*k + 1. Let i be -2 - ((-46)/10 + 12/20). What are the prime factors of u(i)?
139
Let n(g) = -g**3 - g**2 + 3*g - 1. List the prime factors of n(-7).
2, 17
Let h(a) be the first derivative of a**4/4 + 17*a**3/3 + 6*a**2 - 23*a - 24. What are the prime factors of h(-16)?
41
Suppose 3*p - 548 - 23 = -5*c, 5*p + 595 = 5*c. Let t = c + -26. List the prime factors of t.
2, 3, 5
Let g(v) = -v**3 - 8*v**2 - 37. Let d be g(-10). Suppose 0 = -5*m + 112 + d. What are the prime factors of m?
5, 11
List the prime factors of (-12)/(-8) + 27671/14.
2, 23, 43
Suppose 6 = 2*k - k. What are the prime factors of (69/(-12))/(k/(-24))?
23
Suppose 3*y + 2*y = 800. Suppose -5*b + y = -40. Let m = b - 22. What are the prime factors of m?
2, 3
Suppose 169*o + 8981 = 176*o. What are the prime factors of o?
1283
Let b be -7*2*3/(-6). Suppose -5*l + i - 40 = -3*i, -i + b = -l. Let v = l + 28. What are the prime factors of v?
2
Let l = 582 + -282. Let u = -191 + l. What are the prime factors of u?
109
Let n(r) be the first derivative of -r**3/3 - r**2/2 + 4*r - 6. Let g be n(0). Suppose -2*q + 12 = g. What are the prime factors of q?
2
Let l = -15 - -10. Let x(d) = -8*d - 2. Let g be x(l). Suppose 4*j = g + 58. List the prime factors of j.
2, 3
Let b(w) = 2*w + 12. Let q be b(-5). Suppose 3*d - 970 = -3*k - q*d, -4*d - 1336 = -4*k. What are the prime factors of k?
2, 3, 5, 11
Let j(y) = -5*y**3 - 4*y**2 + 4*y + 14. What are the prime factors of j(-4)?
2, 127
Suppose 0 = -2*d + 3*d + 2*w + 16, 5*w + 10 = 0. Let t = 17 + 16. Let a = d + t. List the prime factors of a.
3, 7
Let p(m) be the second derivative of m**3/6 + m**2/2 - m. Let w be p(3). Suppose -r - 4*g = -21, 4*r + w*g + g = 95. List the prime factors of r.
5
Suppose 0 = 3*f + 2*f - 5. Let c = 1 + f. What are the prime factors of -2 - (-4)/c - -19?
19
Let m(r) = -130*r - 134. What are the prime factors of m(-7)?
2, 97
List the prime factors of 108900/105 + 5/(-35).
17, 61
Suppose 0 = -2*l + 5*q + 7355, 5126 = 5*l - q - 13319. What are the prime factors of l?
2, 3, 5, 41
Suppose 7*x + 5 = 8*x. List the prime factors of 95 - (1 - -3 - x).
2, 3
Let h be (3/(-4))/((-2)/8). Suppose 168 = 32*b - 40*b. List the prime factors of b/(-5 + 2) - h.
2
Let u(o) = 3*o + 17. Let y(p) = 3*p + 18. Let v(h) = -7*u(h) + 6*y(h). Let r be v(-5). Suppose 0 = r*x - 54 + 18. List the prime factors of x.
3
Suppose 5*o - 2*b - 42 - 9 = 0, -o + 5*b = -1. Let j = 14 + o. List the prime factors of j.
5
Suppose -2*y + 2 + 8 = 0. Suppose 10 = -2*p - h + 105, 3*h - 239 = -y*p. Suppose 3*w + m - 154 = -2*w, -4*m + p = w. What are the prime factors of w?
2, 3, 5
Let t(p) = 5*p + 3 - 26*p**3 + 51*p**3 - 2*p - 24*p**3. List the prime factors of t(4).
79
Suppose -4*k + 4*s + 0*s + 2640 = 0, -3*k + 1955 = 2*s. What are the prime factors of k?
5, 131
Suppose 6*h - 2*x + 12 = 4*h, 4*x - 12 = 0. List the prime factors of 260/3 + h/(-9).
3, 29
Let d(i) = i**3 + 8*i**2 - 5*i - 3. Let k be ((-4)/(-4))/3*30. Let l be 3/((-3)/k) - -2. List the prime factors of d(l).
37
Let u = 960 - -74. What are the prime factors of u?
2, 11, 47
Let q be (-12)/10*(-980)/6. Suppose b = 5*b - q. What are the prime factors of b?
7
Suppose -i + 413 = -700. What are the prime factors of i?
3, 7, 53
Let s(o) = 2*o**2 - 25*o - 7. Suppose -5*p = -13 - 87. List the prime factors of s(p).
293
List the prime factors of 132 - (15/(-4) - 6/24).
2, 17
What are the prime factors of (-2)/7 - (7 - (-25941)/(-21))?
2, 307
Suppose -9834*w + 7659 = -9831*w. What are the prime factors of w?
3, 23, 37
Suppose -122 = 5*s - 3*s. Let f = -11 - s. What are the prime factors of f?
2, 5
Let w be (-6)/21 + 32/14. Suppose -l + 85 = q + w*q, 0 = 4*l + q - 318. List the prime factors of l.
79
Suppose -13*z - z + 5096 = 0. List the prime factors of z.
2, 7, 13
Let i(p) = -329*p + 42. Let c be i(